number?
False
Is 16309 a prime number?
False
Is 267783 composite?
True
Is 13063 a prime number?
True
Is 4513 a prime number?
True
Is 48463 prime?
True
Is 1780963 a prime number?
False
Is 17467 a composite number?
False
Is 14369 a composite number?
False
Is 306991 a prime number?
True
Is 2254711 prime?
False
Is 51823 prime?
False
Is 4415 a prime number?
False
Is 69737 prime?
True
Is 491581 composite?
False
Is 20714 a composite number?
True
Is 4327 composite?
False
Is 1223309 prime?
True
Is 394091 prime?
False
Is 12197 a prime number?
True
Is 38219 a prime number?
True
Is 1653149 composite?
False
Is 216673 a composite number?
True
Is 886 prime?
False
Is 10427 a prime number?
True
Is 331 a composite number?
False
Is 35965 a composite number?
True
Is 685 prime?
False
Is 203173 a composite number?
False
Is 7681 a composite number?
False
Is 39019 a prime number?
True
Is 77137 composite?
False
Is 457427 composite?
True
Is 1544581 a composite number?
True
Is 962879 a prime number?
False
Is 293627 a composite number?
True
Is 82457 prime?
True
Is 10531 a prime number?
True
Is 11783 a composite number?
False
Is 15578 a composite number?
True
Is 10211 a composite number?
False
Is 8537 composite?
False
Is 89027 a composite number?
True
Is 84047 composite?
False
Is 177461 composite?
True
Is 11159 composite?
False
Is 2333 prime?
True
Is 256927 prime?
False
Is 23151 composite?
True
Is 26801 prime?
True
Is 72349 composite?
True
Is 6731 prime?
False
Is 144617 composite?
True
Is 4721 a prime number?
True
Is 5639 a composite number?
False
Is 4393 prime?
False
Is 235 a composite number?
True
Is 17159 a composite number?
False
Is 1173043 composite?
False
Is 254193 a composite number?
True
Is 15149 composite?
False
Is 1688581 prime?
False
Is 34597 prime?
False
Is 6953 a composite number?
True
Is 5309 a prime number?
True
Is 824851 a composite number?
True
Is 67883 prime?
True
Is 4267 a prime number?
False
Is 1759987 composite?
False
Is 6979 composite?
True
Is 82831 a composite number?
True
Is 20131 prime?
False
Is 538187 composite?
True
Is 12203 a prime number?
True
Is 50747 composite?
True
Is 46621 prime?
False
Is 14519 a composite number?
False
Is 718 composite?
True
Is 2947 composite?
True
Is 19337 prime?
False
Is 2221 composite?
False
Is 24593 prime?
True
Is 3163 prime?
True
Is 9527 prime?
False
Is 94933 a prime number?
True
Is 80687 composite?
False
Is 800963 a composite number?
True
Is 63071 a composite number?
True
Is 7409 a prime number?
False
Is 2764165 a prime number?
False
Is 615721 composite?
False
Is 99101 composite?
True
Is 27059 composite?
False
Is 99607 prime?
True
Is 18251 prime?
True
Is 142673 a composite number?
False
Is 52489 a composite number?
False
Is 18979 a composite number?
False
Is 32017 prime?
False
Is 14923 composite?
False
Is 940523 a composite number?
False
Is 68219 composite?
False
Is 34835 composite?
True
Is 991 a composite number?
False
Is 948247 prime?
True
Is 32993 composite?
False
Is 183829 a prime number?
True
Is 95474 a prime number?
False
Is 1069 composite?
False
Is 1618073 prime?
False
Is 4397 a prime number?
True
Is 1991689 prime?
False
Is 71989 a composite number?
True
Is 168115 a prime number?
False
Is 9229 a prime number?
False
Is 670018 composite?
True
Is 295609 a prime number?
False
Is 15214 a prime number?
False
Is 6709 a composite number?
False
Is 157699 composite?
True
Is 37421 a prime number?
False
Is 328087 prime?
False
Is 39857 a prime number?
True
Is 120691 prime?
True
Is 18922 prime?
False
Is 6271151 a prime number?
True
Is 8779 composite?
False
Is 11197 a composite number?
False
Is 53999 a prime number?
False
Is 420383 a composite number?
False
Is 7339 composite?
True
Is 28073 prime?
False
Is 109657 prime?
False
Is 3011 a prime number?
True
Is 213119 a prime number?
True
Is 48149 a composite number?
True
Is 114031 a prime number?
True
Is 143053 a composite number?
False
Is 51533 prime?
False
Is 24317 prime?
True
Is 14479 a prime number?
True
Is 87691 a composite number?
False
Is 70039 prime?
True
Is 2448007 composite?
False
Is 23719 prime?
True
Is 11197 a prime number?
True
Is 177697 a composite number?
True
Is 237617 prime?
False
Is 37799 a prime number?
True
Is 26731 a composite number?
False
Is 32483 a composite number?
True
Is 5731 composite?
True
Is 10743 a prime number?
False
Is 83 prime?
True
Is 648007 a prime number?
True
Is 59833 a prime number?
True
Is 32741 a prime number?
False
Is 40343 a prime number?
True
Is 21691 a prime number?
False
Is 1663579 composite?
False
Is 509291 a composite number?
True
Is 5387 a prime number?
True
Is 23269 a composite number?
False
Is 34499 prime?
True
Is 6113 prime?
True
Is 3377 prime?
False
Is 45481 a prime number?
True
Is 218783 prime?
True
Is 1612201 composite?
True
Is 15809 composite?
False
Is 1991695 a prime number?
False
Is 29269 a composite number?
False
Is 107119 prime?
True
Is 2333 a composite number?
False
Is 4577 a composite number?
True
Is 68371 prime?
True
Is 2285 a composite number?
True
Is 106135 prime?
False
Is 5609 composite?
True
Is 394879 a composite number?
False
Is 45223 composite?
True
Is 24131 composite?
True
Is 34631 a prime number?
True
Is 275057 a prime number?
False
Is 170473 a composite number?
False
Is 9449 composite?
True
Is 39961 a composite number?
True
Is 507335 a composite number?
True
Is 8191 a composite number?
False
Is 66455 a prime number?
False
Is 8453 a composite number?
True
Is 31523 composite?
True
Is 57487 prime?
True
Is 13913 prime?
True
Is 266767 prime?
True
Is 343699 composite?
True
Is 342889 a composite number?
False
Is 252897 composite?
True
Is 2782205 prime?
False
Is 1801 a prime number?
True
Is 175129 a composite number?
False
Is 2104357 composite?
False
Is 20135 prime?
False
Is 2081 a composite number?
False
Is 914 a composite number?
True
Is 2179 composite?
False
Is 9101 composite?
True
Is 28639 a composite number?
True
Is 324743 a composite number?
False
Is 104117 composite?
True
Is 6761 composite?
False
Is 718045 a prime number?
False
Is 75139 prime?
False
Is 100249 composite?
True
Is 20947 a composite number?
False
Is 300835 composite?
True
Is 7235 a composite number?
True
Is 21943 composite?
False
Is 2203 a prime number?
True
Is 17341 prime?
True
Is 15919 prime?
True
Is 11657 prime?
True
Is 3862343 composite?
False
Is 764929 prime?
False
Is 33889 a prime number?
True
Is 76901 a composite number?
True
Is 240469 composite?
True
Is 631 composite?
False
Is 20911 composite?
True
Is 14 prime?
False
Is 41885 prime?
False
Is 109189 a prime number?
False
Is 706093 a prime number?
False
Is 241291 composite?
False
Is 30803 prime?
True
Is 8465 prime?
False
Is 50021 composite?
False
Is 1729187 a composite number?
False
Is 909107 a composite number?
False
Is 1757 prime?
False
Is 192719 a prime number?
False
Is 7669 composite?
False
Is 1529 a composite number?
True
Is 681 prime?
False
Is 1463471 prime?
True
Is 49237 prime?
False
Is 67801 composite?
False
Is 1591391 a composite number?
False
Is 659381 a prime number?
False
Is 202849 composite?
True
Is 11717 a composite number?
False
Is 21929 a composite number?
False
Is 409 a composite number?
False
Is 1038319 a composite number?
False
Is 2653 prime?
False
Is 21818 a composite number?
True
Is 13291 prime?
True
Is 28511 composite?
True
Is 72211 composite?
False
Is 49559 prime?
True
Is 24994 composite?
True
Is 33247 prime?
True
Is 115 a prime number?
False
Is 1517 a prime number?
False
Is 213433 prime?
False
Is 57487 composite?
False
Is 94993 composite?
False
Is 7103 composite?
False
Is 5485 a composite number?
True
Is 9199 a composite number?
False
Is 1073 composite?
True
Is 43093 a prime number?
True
Is 76579 composite?
False
Is 158647 prime?
True
Is 27155 a composite number?
True
Is 276911 a prime number?
False
Is 198161 composite?
True
Is 1727 a prime number?
False
Is 25573 composite?
True
Is 7147 a prime number?
False
Is 1536251 a prime number?
True
Is 7339 prime?
False
Is 119129 a composite number?
False
Is 571469 a prime number?
False
Is 721 prime?
False
Is 109661 a composite number?
False
Is 53507 prime?
True
Is 38821 composite?
False
Is 1041 a composite number?
True
Is 35957 prime?
False
Is 3227363 a prime number?
True
Is 6823 prime?
True
Is 19841 composite?
False
Is